 factor of 1150751568?
True
Is 3010 a factor of 3484958536?
False
Is 405 a factor of 137585809?
False
Is 373 a factor of 6650217?
True
Does 47 divide 6476128?
False
Is 13203450 a multiple of 370?
True
Does 6 divide 12240078?
True
Does 1430 divide 294628620?
True
Is 29718149 a multiple of 348?
False
Does 50 divide 8587540?
False
Is 12 a factor of 142386039?
False
Is 111481233 even?
False
Does 211 divide 165451641?
True
Is 533950072 even?
True
Is 65 a factor of 119690350?
True
Does 908 divide 178384772?
True
Is 135 a factor of 91912897?
False
Is 35 a factor of 33210379?
False
Is 7 a factor of 25961209?
False
Does 13 divide 727299386?
False
Does 507 divide 12953948?
False
Does 3 divide 415211?
False
Is 133834915 a multiple of 271?
False
Does 1016 divide 3777141838?
False
Is 1141 a factor of 639160232?
False
Is 395381 a multiple of 2?
False
Is 1189917 even?
False
Is 317 a factor of 19123050?
False
Does 1387 divide 107636748?
True
Is 292985641 a multiple of 393?
False
Does 671 divide 74250176?
True
Is 491372 a multiple of 18?
False
Is 1137324598 a multiple of 83?
True
Does 19 divide 90722026?
False
Does 118 divide 63527856?
False
Is 6 a factor of 623088372?
True
Is 121 a factor of 363758056?
False
Does 9 divide 282903930?
True
Is 14 a factor of 40437418?
True
Does 314 divide 291618677?
False
Does 2279 divide 3629418?
False
Does 778 divide 41065174?
True
Does 56 divide 414327129?
False
Does 210 divide 372534540?
True
Is 33 a factor of 288003410?
False
Does 3428 divide 316761009?
False
Does 553 divide 11904991?
False
Does 219 divide 15381246?
True
Does 14 divide 696787658?
True
Is 111136998 a multiple of 2?
True
Is 35086348 a multiple of 69?
False
Does 1149 divide 17162268?
False
Is 199 a factor of 5755082?
False
Does 178 divide 862462808?
False
Is 10080864 a multiple of 261?
True
Is 456 a factor of 8920272?
True
Does 29 divide 38366924?
False
Does 60 divide 9277646?
False
Is 20 a factor of 18738730?
False
Is 15 a factor of 1638124?
False
Is 7 a factor of 91901356?
False
Is 4779483476 a multiple of 2327?
False
Is 2156119 a multiple of 3?
False
Does 549 divide 215665707?
False
Does 1062 divide 3829065426?
True
Is 1564 a factor of 399374783?
False
Is 374527025 a multiple of 12?
False
Is 4946 a factor of 808143922?
False
Is 12 a factor of 1187570328?
True
Is 175 a factor of 4349781800?
True
Does 971 divide 133887306?
True
Is 593 a factor of 215250843?
False
Is 47 a factor of 336933959?
False
Is 23 a factor of 54021927?
False
Is 108528120 a multiple of 60?
True
Is 10997198 a multiple of 14?
False
Is 379 a factor of 96610890?
True
Is 268038267 a multiple of 9?
False
Is 310 a factor of 89439650?
True
Does 39 divide 167364210?
True
Is 216343414 a multiple of 433?
False
Is 272 a factor of 1665728?
True
Does 2295 divide 1868473518?
False
Is 59 a factor of 14439145?
False
Does 30 divide 46381620?
True
Is 2337 a factor of 462503985?
True
Is 116 a factor of 54583336?
True
Is 936663408 a multiple of 207?
True
Does 15 divide 21340370?
False
Does 444 divide 7833515?
False
Is 2880146283 a multiple of 26?
False
Is 1145282684 a multiple of 2009?
True
Is 404 a factor of 134739656?
True
Is 69 a factor of 45411085?
False
Is 87 a factor of 463942638?
True
Does 1218 divide 1284546508?
False
Does 1155 divide 124317270?
True
Is 23 a factor of 28240826?
True
Is 76 a factor of 359405748?
True
Does 1886 divide 352829108?
True
Is 15635197 a multiple of 886?
False
Is 4234 a factor of 2688141196?
True
Is 81 a factor of 23663826?
True
Is 1106142752 a multiple of 44?
True
Does 208 divide 299169936?
True
Does 5 divide 554113?
False
Does 15 divide 8429775?
True
Does 14 divide 29452693?
False
Is 170226472 a multiple of 1108?
True
Is 16 a factor of 38898592?
True
Is 79832225 a multiple of 671?
True
Does 769 divide 8847295?
False
Is 303 a factor of 6213187407?
True
Is 357933222 a multiple of 414?
True
Is 175 a factor of 205025065?
False
Does 24 divide 423827095?
False
Is 55 a factor of 124775695?
True
Does 3146 divide 415542556?
True
Does 1314 divide 866801358?
False
Is 332 a factor of 216261411?
False
Is 156 a factor of 1182183556?
False
Does 1160 divide 7280429?
False
Is 41786954 a multiple of 50?
False
Is 163091040 a multiple of 2728?
False
Does 77 divide 268285599?
False
Is 32800297 a multiple of 64?
False
Is 735555322 a multiple of 8?
False
Is 1468 a factor of 243240340?
False
Is 71 a factor of 67875767?
False
Is 29838116 a multiple of 28?
True
Does 16 divide 544083584?
True
Does 10 divide 151335310?
True
Is 84 a factor of 92083656?
True
Is 539 a factor of 9619080?
False
Is 4901780 a multiple of 34?
True
Is 75 a factor of 11035125?
True
Does 1507 divide 270453755?
True
Is 98 a factor of 749570053?
False
Does 34 divide 49474189?
False
Is 6 a factor of 4979753?
False
Is 12 a factor of 1459239449?
False
Is 84647079 a multiple of 56?
False
Does 6000 divide 31904246?
False
Is 143920851 a multiple of 1274?
False
Is 1953 a factor of 73294016?
False
Does 4 divide 45110528?
True
Is 16 a factor of 5282487?
False
Is 187 a factor of 319908567?
True
Is 6816316 a multiple of 52?
True
Does 119 divide 273330624?
True
Does 14 divide 782761210?
True
Is 65 a factor of 278550285?
True
Is 719 a factor of 55401107?
True
Is 3748 a factor of 222836763?
False
Is 2383720051 a multiple of 352?
False
Does 33 divide 56848275?
True
Is 1752 a factor of 82378749?
False
Is 337978264 a multiple of 104?
True
Does 1858 divide 733486809?
False
Is 2114 a factor of 109080286?
True
Does 7920 divide 659045355?
False
Is 2049 a factor of 134006649?
True
Is 115 a factor of 309630035?
False
Does 23 divide 97095841?
False
Is 26 a factor of 14390272?
True
Does 1238 divide 15184070?
True
Does 6 divide 26120352?
True
Is 21 a factor of 69336939?
True
Does 1561 divide 164488814?
True
Is 317744928 a multiple of 32?
True
Is 266 a factor of 1201579777?
False
Is 9768 a factor of 234895877?
False
Is 9434672 a multiple of 26?
True
Is 484551425 a multiple of 25?
True
Does 20 divide 188155500?
True
Is 1003 a factor of 684388023?
True
Is 117502152 a multiple of 372?
True
Is 386774512 a multiple of 4?
True
Does 174 divide 37882261?
False
Is 33200031 a multiple of 2331?
False
Is 198502037 a multiple of 988?
False
Is 18 a factor of 4928490?
True
Is 101 a factor of 122256157?
True
Is 171379365 a multiple of 15?
True
Does 27 divide 21852450?
True
Does 15 divide 46901857?
False
Does 14 divide 206642?
False
Does 589 divide 457972827?
True
Is 11 a factor of 634579810?
False
Is 26080167 a multiple of 1959?
True
Does 5 divide 367896060?
True
Is 9 a factor of 358446?
False
Is 82220549 a multiple of 12?
False
Is 74312160 a multiple of 34?
False
Is 17853382 a multiple of 23?
True
Does 35 divide 35764578?
False
Is 58 a factor of 21490999?
False
Is 75737515 a multiple of 10?
False
Does 35 divide 265724515?
True
Is 84 a factor of 1693292?
False
Is 436 a factor of 11911062?
False
Does 91 divide 1249038791?
True
Does 19 divide 2063900530?
False
Is 242 a factor of 215255206?
False
Does 548 divide 17236553?
False
Is 1592 a factor of 360361577?
False
Is 6071961 a multiple of 6?
False
Is 8 a factor of 1693712?
True
Is 5558 a factor of 419717928?
True
Does 232 divide 3697612520?
True
Does 999 divide 72578162?
False
Is 3449 a factor of 521729671?
False
Is 3 a factor of 41499444?
True
Is 135064710 a multiple of 110?
True
Is 14967800 a multiple of 335?
True
Is 1008115134 a multiple of 26?
True
Is 1855 a factor of 43325380?
True
Does 12 divide 217116546?
False
Is 8 a factor of 10529729?
False
Does 5419 divide 1860780540?
False
Is 6 a factor of 452608456?
False
Is 334 a factor of 112262507?
False
Is 85 a factor of 6732000?
True
Does 3572 divide 785487105?
False
Does 2325 divide 610789125?
True
Does 126 divide 26169870?
False
Is 124910462 a multiple of 12?
False
Is 170503067 a multiple of 1961?
True
Is 50169768 a multiple of 957?
True
Is 203 a factor of 155841024?
False
Does 7226 divide 2764031712?
True
Does 20 divide 50757085?
False
Is 16320127 a multiple of 29?
True
Is 327267027 a multiple of 93?
False
Is 425 a factor of 3868567600?
True
Does 1176 divide 92099616?
True
Does 36 divide 8326548?
True
Is 1530 a factor of 52691148?
False
Is 618 a factor of 11180252?
False
Is 34 a factor of 46469001?
False
Is 20952381 a multiple of 1321?
True
Is 36657067 a multiple of 